 + 7. What is l(p)?
-9
Let j = 207 - 159. Suppose 7*t - 4*t + 5*u = 36, j = 4*t + 2*u. Let x(d) = -d**3 + 11*d**2 + 11*d + 9. Determine x(t).
-3
Let u(o) = o**2 + 5*o - 7. Let r be (-8)/(-76) - (-2743)/(-247). Let w(y) = 12 - 22 - y**3 - 2*y - 11*y**2 - 17. Let m be w(r). Determine u(m).
-7
Let l(v) = 28*v - 43. Let y(c) = 77*c - 129. Let g(n) = 17*l(n) - 6*y(n). What is g(-4)?
-13
Let u(g) = -10*g + 90. Let b(z) = -3*z + 23. Suppose 300 = 2*c + 18*c. Let a(o) = c*b(o) - 4*u(o). What is a(-3)?
0
Let h(i) = -12*i - 62. Suppose 0 = -5*d - 5*r - 5, -7*d - 4*r - 18 = -d. What is h(d)?
22
Let h(k) = -20*k - 37. Suppose -363 = g - 361. What is h(g)?
3
Let v(t) be the first derivative of t**2 - t**2 - 5 - t**3 - 2*t - 86 + 2*t**2. Determine v(2).
-6
Let r be (3/(-12))/((-7)/140). Let x(i) = 4 - i**2 + r - 4 + 6 - 2 + 10*i. Give x(10).
9
Let z(q) be the second derivative of 0 + 1/6*q**3 + 3/2*q**2 - 74*q. Suppose -5*c + a - 14 = 0, 0*c - 3*a = -2*c - 3. Determine z(c).
0
Let k(u) = -3*u**2 - u - 25. Let v(i) = i**2 + i + 12. Let n(x) = 2*k(x) + 5*v(x). Let l(p) = -p**2 - 152*p - 144. Let m be l(-151). Calculate n(m).
-18
Suppose -7*v = -2*j - 2*v + 21, 16 = -3*j - 2*v. Let t(o) = -27*o + 245. Let d be t(9). Let c(m) = 2*m + 2*m + 2*m + d*m - 7*m + 2. Calculate c(j).
0
Let t(h) = -6*h**2 - 24*h + 5. Let r(l) = l**2 + 4*l - 1. Let p(g) = 5*r(g) + t(g). Calculate p(-5).
-5
Let v be (3 - (27/2 + 7))*(-24)/21. Let y(q) = q**3 - 19*q**2 - 21*q + 9. Calculate y(v).
-11
Let o be 508/(-6)*(-132)/88. Let h(g) = -o*g + 2*g**2 - 158*g + 258*g + 14. Give h(13).
1
Let y(k) = k**2 + 49*k - 16. Let m(s) = -34*s + 2. Let h(o) = -2*m(o) - y(o). Calculate h(20).
-8
Suppose 104 = -246*g - 0 - 142. Let u(i) = -8*i**2 - 5*i - 7. Calculate u(g).
-10
Let i(d) be the first derivative of 15*d**2 + 10*d**3 + 14 - 1/4*d**4 + 22*d. Let b be i(31). Let x(p) = 2*p. Determine x(b).
-18
Suppose 0 = 5*f - 62 - 58. Let c(q) = -q**2 - 25*q - 159. Let y be c(-17). Let j = f + y. Let i(k) = k**3 - k**2. Give i(j).
0
Let a(t) = 46 - 8*t + 29*t - 4*t - 15*t. What is a(-17)?
12
Suppose 2697 = 4*h + 25*h. Suppose 0 = -h*l + 108*l + 90. Let n(u) = -u**3 - 5*u**2 + 6*u + 9. Give n(l).
9
Let m be (-21)/((15/(-5))/1). Let g(f) be the third derivative of -1/10*f**5 + 0*f - f**2 + 0*f**3 - 1/4*f**4 + 1/120*f**6 - 3. Determine g(m).
7
Let d(a) = 5*a - 33. Let i be d(8). Let s(q) = q**2 - 10*q. Determine s(i).
-21
Let m(q) = -5*q**3 - 13*q**2 + 5*q + 19. Let k(f) = -8*f**3 - 26*f**2 + 12*f + 37. Let w(d) = 3*k(d) - 5*m(d). Let p = -21 + 33. Determine w(p).
4
Let r(v) = v**3 - v**2 - 2*v + 7. Suppose 4*q + 4*w + 16 = 0, 2*q - w + 20 = -6*w. What is r(q)?
7
Let y(i) be the second derivative of -i**4/6 + 4*i**3/3 - 2*i**2 - 71*i. What is y(3)?
2
Let b(g) = -g**3 + 5*g**2 - 10*g - 4. Let k(t) = t**3 - 3*t**2 + 8*t + 5. Let f(v) = 2*b(v) + 3*k(v). Give f(0).
7
Let a = 19562 + -19549. Let l(f) be the second derivative of -f**2 - 1/6*f**3 + 0 + a*f. Calculate l(7).
-9
Let b(v) be the second derivative of -2*v - v**2 - 1/12*v**4 + 0*v**3 + 1. Give b(4).
-18
Let o be (-20 - -25)/(30/(-36)). Let z(b) = -4*b**3 - 24*b**2 - 4*b - 11. What is z(o)?
13
Let p(g) be the second derivative of -3*g - 6*g**2 + 1 + 1/6*g**3. Calculate p(0).
-12
Let r(a) = a + 2. Suppose 3*l - 26 = 2*k, -2*l = k + 2*k. Let w be r(l). Let i(u) = w*u - 1 - 8*u - u**2. Determine i(-4).
-17
Let r be 10/(-11 + 340/16 - 9). Let p(q) = 18*q - 140. Give p(r).
4
Let l = 19 + -30. Let n(w) = w - 14. Let b(r) = -2*r + 27. Let y(g) = l*n(g) - 6*b(g). Let h(p) = -p + 6. Let k be h(6). What is y(k)?
-8
Suppose z + 3 = 5*m, 0*m - 5 = m - 3*z. Let b(h) = 1. Let q(o) = -o + 2. Let u(g) = m*q(g) - 3*b(g). Let d be (1614/5918)/((-15)/220). What is u(d)?
3
Let m(n) be the first derivative of -5/24*n**4 - 1/2*n**2 - 1/60*n**5 + 2/3*n**3 + 0*n - 10. Let x(t) be the second derivative of m(t). What is x(-6)?
-2
Let k(c) = c. Let j(p) = p**2 - 3*p + 13. Let a be j(3). Suppose -9*x - 3*o = -a*x - 25, -4*x = 2*o + 10. What is k(x)?
-4
Let b(y) = -3747 + 1252 + y**2 - 5*y + 1246 + 1254. Let x = -7 + 11. Calculate b(x).
1
Let j(t) = -49*t + 18. Let f(d) = -d - 2. Let w(k) = -11*k - 10. Let y(a) = -30*f(a) + 5*w(a). Let v(q) = 6*j(q) - 11*y(q). Determine v(-2).
36
Let v(d) = -12*d**2 + 23. Let z(q) = 6*q**2 - 9. Let l(t) = -2*v(t) - 5*z(t). Suppose 0 = 2*n - 5*n + 9. Suppose -n = 2*f + f. Give l(f).
-7
Let x(c) = c**2 + 10*c - 77. Let s = 15676 - 15691. Calculate x(s).
-2
Suppose 0 = 3*f - 15. Let j = -6 - -8. Let n(u) = 6*u - 5 - u**j - 5*u + 7*u - u. Determine n(f).
5
Let h(f) = f**2 - 18*f - 57. Let o = 18480 - 18459. Calculate h(o).
6
Suppose -5*o = 2*k - 365 + 397, -2*o - 15 = 3*k. Let t(v) = v**2 - 4*v - 2. Determine t(o).
58
Let c be (4/(-8))/(-1) - (-6)/(-12). Suppose r = -c - 4. Let i(d) = -d - 6. Give i(r).
-2
Let p(o) be the first derivative of o**5/60 - 7*o**4/24 + o**3 + 41*o**2/2 + 25. Let x(y) be the second derivative of p(y). Determine x(7).
6
Let a(q) = -2*q**3 + 14*q**2 - 6*q + 10. Let t(w) = w**3 - 41*w**2 + 417*w - 47. Let v be t(18). Give a(v).
-32
Let d = -1433 - -720. Let w = 713 + d. Let c(r) = 3*r + 5. Determine c(w).
5
Let o(x) = -28*x + 134. Let s(l) = -9*l + 45. Let h(u) = -3*o(u) + 8*s(u). What is h(6)?
30
Let r = -56/103 - -1859/2472. Let z(k) be the third derivative of 1/60*k**5 + 0 + r*k**4 + 7/6*k**3 - 17*k**2 + 0*k. What is z(-5)?
7
Let b(o) = o**3 + 9*o**2 + 19 + o**2 - 2*o - 44. Let i be b(-10). Let v(j) = -j**3 - 5*j**2 + 1. Determine v(i).
1
Let x(r) = 10*r**2 + 6*r - 3. Let m(g) = -3*g**2 - 2*g + 1. Let a(t) = 7*m(t) + 2*x(t). Suppose -5*o + 275 = 250. Suppose 2*f = -o*f + 7. Give a(f).
-2
Let q(g) = -4*g - 172*g**3 + 341*g**3 + 5*g**2 - 170*g**3 + 1 + 0*g. Suppose 0 = -r + 2*r - 4*a - 8, 3*r - 2 = a. Let y = r - -3. What is q(y)?
7
Let b(o) = 16*o**2 - 74*o. Let r be b(6). Suppose 8*h - r = -68. Let s(j) = j**3 - 7*j**2 - 7*j - 5. What is s(h)?
3
Let h = -10 - -14. Suppose -3*t = -t - h*p + 8, 0 = 2*t + 2*p + 2. Let r(a) = 8*a + 25*a - 5*a - 35*a - 2 + a. What is r(t)?
10
Let m be (-1)/(6 + 98/(-16)). Let g(n) = -73 + 152 - m*n - 78. Give g(1).
-7
Let m(w) = -w**2 - 8*w - 3. Let x = -91 - -118. Suppose 6*j + 15 + x = 0. Give m(j).
4
Let x(h) = -4*h**3 + 3*h**2 + 5*h + 2. Let s be x(-1). Suppose -9*o = -4*o + s*j - 32, 3*o + 5*j - 27 = 0. Let z(v) = -3*v + 1. Determine z(o).
-11
Let k be (240/35 - 6 - 0)/((-3)/(-7)). Let t(v) = 17*v - 13. Determine t(k).
21
Let s(z) = -5*z**2 + z. Let h be s(4). Suppose -5*o + o - 142 = 2*q, -3*q + 4*o - 263 = 0. Let u = h - q. Let p(j) = j**2 - 3*j + 2. Determine p(u).
12
Let l(b) = -b**3 + 5*b**2 + 3*b - 4. Let p be 1*(4 + -6) - -10. Suppose -p*c + 44 = 3*c. Give l(c).
24
Let a(k) = 7*k**2 - 7*k - 20. Let m(t) = 20*t**2 - 21*t - 59. Let v(c) = 17*a(c) - 6*m(c). Suppose 15 + 62 = 11*d. Suppose d*q = -8 + 78. Calculate v(q).
-16
Let y be (-11 + 350/20)*(1 - (2 - -3)). Let p(v) = -3*v - 73. What is p(y)?
5
Let t(l) = l**2 + l - 13. Let s be t(15). Let v = s - 225. Let z(c) = -3*c**3 + c - 1. Give z(v).
-23
Let q(f) = f**3 - 2*f**2 + f + 1. Let p = 268 + -263. Suppose -6*c - 9 = -4*n - p*c, 3*c - 7 = -5*n. Calculate q(n).
3
Let j be (1*(0 - -4))/(-1). Let y(h) be the first derivative of 2*h**2 - 509 + 1/4*h**4 + 5/3*h**3 - 3*h. What is y(j)?
-3
Let x(h) be the third derivative of -h**5/20 - 11*h**4/12 + 83*h**3/6 + 3*h**2 - 93. What is x(-10)?
3
Let l(b) = -b**3 + 12*b**2 - 47*b + 265. Let p be l(10). Let z(w) = -w**3 - 6*w**2 + 2*w - 2. Calculate z(p).
-37
Let u(k) = -3*k**2 + 4*k + 1. Suppose -5*v + 4*z = 1191, 3*z - 22 = -10. Let r = v + 239. Determine u(r).
-31
Let l be (3/18 + (-670)/420)*(-3 - 4). Let c(w) = w. What is c(l)?
10
Suppose 5*f + 23 = h, 4*h + 3*f = -13 - 10. Let o(i) = i + 1. Let a(x) = 2*x - 1. Let k(m) = h*a(m) + o(m). Give k(2).
-3
Let t(y) = 3*y**2 - 10*y + 6. Let s(n) = 1 - 5 + 21*n - 3 - 7*n**2 - 6. Let l(m) = 4*s(m) + 9*t(m). Suppose -4 = 3*j - 5*w, 2*j + 11 = -3*j + 4*w. Give l(j).
11
Suppose -2*z - 27 = 5*y + 16, -6 = -2*y + 5*z. Let s = y - -2. Let p(x) = -12*x + 6. Let r(d) = -29*d + 12. Let i(k) = -7*p(k) + 3*r(k). Determine i(s).
9
Let a(m) = -2*m**2 + 9*m + 7. Let o(v) = v**2. Let w(i) = a(i) + 3*o(i). Suppose -4*y = -3*y + 6. Determine w(y).
-11
Suppose -92*h 